 + 5*f + 50. What is the remainder when (-2 + 2 + -11)*-1 is divided by w?
4
Let d(r) = -4*r + 44. Let f be d(6). Calculate the remainder when (265/f - 4)*4 is divided by 11.
4
Let i = -27 - -1. Let d = i + 30. What is the remainder when 32 is divided by 12 - 2/d*2?
10
Suppose 0 = 2*d - 3*d + r + 52, -25 = -5*r. What is the remainder when 835 is divided by d?
37
Suppose -2*n - n + 150 = 0. Suppose -9*g + 4*g = n. Let z = g - -25. Calculate the remainder when z is divided by 9.
6
Let m(a) = -a**3 - 3*a + 577. Let g be m(0). Let k = g + -561. What is the remainder when 301 is divided by k?
13
Let u(z) = z**3 + 45*z**2 - 132*z + 597. Calculate the remainder when 3842 is divided by u(-48).
20
Suppose -v = -5*b + 5990, 5*b - 8*v - 6010 = -3*v. What is the remainder when b is divided by 12?
9
Suppose 4*p + p = x + 68, -4*p + 5*x + 46 = 0. Let z = p - 1. Let h(n) = 8*n - 7. What is the remainder when h(4) is divided by z?
12
Calculate the remainder when 10792 is divided by (3 - -285) + -22 - 3*3.
255
Suppose -3*x - 2*f = 2*f - 79, 4*x + 3*f = 103. Let g(n) = n**3 - 3*n**2 - 6*n - 6. Let u = -37 - -42. What is the remainder when x is divided by g(u)?
11
Let d be 70/49 + (-6)/14. Let q be ((-4)/d - -7) + 0. What is the remainder when 37 is divided by ((-42)/9)/((q/(-1))/9)?
9
Let l(i) = i**3 - 18*i**2 + 31*i + 19. Let z be l(16). Suppose -v + 2*x = z*x - 23, -20 = -4*x. Calculate the remainder when 2/4 - 285/(-10) is divided by v.
11
Let f = -177 + 212. Let j = 52 - f. What is the remainder when 131 is divided by j?
12
Suppose z - 135 = -4*x, 5*x - 2*z - 153 - 19 = 0. Calculate the remainder when 189 is divided by x.
19
Let o(k) = k**2 - k + 3. Suppose -72*i = -7487 - 8569. Calculate the remainder when i is divided by o(4).
13
Let p(w) = -38*w + 78. What is the remainder when p(-15) is divided by 108?
0
Let u = -6 + 10. What is the remainder when 43 is divided by 26*(u - (4 - (-5)/(-10)))?
4
Suppose -99 = -35*h + 2*h. Suppose -h*a = 15, -72 = -3*v + 4*a + 86. Calculate the remainder when 91 is divided by v.
45
Let r(a) = a**2 - 9*a + 17. Let v be r(4). Let w be v/6*0/5. Let i(y) = 5*y + 27. Calculate the remainder when 161 is divided by i(w).
26
Calculate the remainder when 195/(-1*(-22)/(-33) + 1) is divided by 378.
207
Suppose 19*n = 12*n + 42. Suppose 0 = -3*x - b + 1072, -n*x = -5*x - 4*b - 353. Calculate the remainder when x is divided by 52.
45
Let q = 29666 - 29552. Calculate the remainder when 465 is divided by q.
9
Suppose -3121 = -27*x + 2603. Calculate the remainder when x is divided by 206.
6
Let l = 6289 - 6148. What is the remainder when l is divided by 88?
53
Calculate the remainder when 33 - -8780 - (2 - -4)*(-9)/27 is divided by 147.
142
Let o(m) = 53*m - 2. Let h(f) = 6*f**2 + 9*f + 21. What is the remainder when o(2) is divided by h(-2)?
23
Calculate the remainder when 2390 is divided by (1182/5)/(213/1065)*2/4.
26
Let z = 161 + -225. Let v = -22 - z. Let o = v + -38. Calculate the remainder when 17 is divided by o.
1
Suppose -638 = -4*i - 3*b, -17*b + 11*b = -2*i + 364. Suppose 0 = -0*r - r + 8. Calculate the remainder when i is divided by r.
4
Suppose 72*j = -158*j + 7240 + 2190. What is the remainder when 901 is divided by j?
40
Let d(x) = 4*x**2 - 45*x + 139. Calculate the remainder when d(12) is divided by 46.
37
Let q be (139/2)/((-1)/(-2)). Let r = -71 + q. Let f(i) = -97*i**2 + 13290*i - 101. Calculate the remainder when r is divided by f(137).
32
What is the remainder when 1333 + 36/10 + (-28)/5 + 5 is divided by 61?
55
Suppose 33*m - 28*m = 4*a + 3013, m = 3*a + 585. Calculate the remainder when 2449 is divided by m.
13
Let a be 449/(6*(-3 + 102/36)). Let u = a - -484. Suppose 120 = -4*n + 388. Calculate the remainder when n is divided by u.
32
Calculate the remainder when 20/6*(-12)/(-5) is divided by (-3375)/(-500) + 6/(-8) - 2.
0
Let m be (-12 + 3 - -30)*9. Suppose -6*q = -m - 663. Calculate the remainder when q is divided by 50.
42
Let r(g) be the first derivative of 3*g**2/2 + 89*g - 21. What is the remainder when 8 is divided by r(-27)?
0
Suppose -182025 = -35*o - 66*o - 56280. Calculate the remainder when o is divided by 89.
88
Suppose 0 = 4*b - 4*g - 1152, 3*b - 1035 = 5*g - 163. What is the remainder when b is divided by 76?
56
Let l(j) = j**3 + 21*j**2 - 49*j - 66. Let o(z) = z**3 + 4*z**2 - 6*z - 28. Let n be o(-5). Calculate the remainder when 14 is divided by l(n).
2
Let m(x) = -2*x + 1. Let o(s) = s**2 + 19*s + 20. Suppose 5*v - 3*w = -103, 2*v - 3*w + 4*w = -39. What is the remainder when o(v) is divided by m(-3)?
5
Let w(a) = a**3 + 26*a**2 + 47*a + 41. Calculate the remainder when 2859 is divided by w(-24).
64
Let r = -57 + -217. Let y = r - -361. Calculate the remainder when 172 is divided by y.
85
Suppose 5*n - 128 = -28. Let l(j) = -2*j**3 - 5*j**2 - 7*j. Calculate the remainder when 8/n - (-196)/10 is divided by l(-2).
0
Let b = 9199 - 9184. What is the remainder when 254 is divided by b?
14
Let m = 7283 - 6519. What is the remainder when m is divided by 96?
92
Suppose 6*n - 4*x - 420 = 2*n, n + 4*x - 85 = 0. Let h(v) = -2*v**2 - 72*v - 61. What is the remainder when n is divided by h(-35)?
2
Suppose 21*f - 19*f - 343 = 3*y, 4*y = -4*f + 676. Let h(z) = z**2 - 3*z + 18. What is the remainder when f is divided by h(-5)?
54
What is the remainder when 1336 is divided by -1 + 4 + (4296/12 - 27)?
0
Let y be (((-10)/(-6))/(-5))/(11/(-99)). Let p(o) = 9*o**2 - o + 16. What is the remainder when p(y) is divided by 20?
14
Let p be (2*3)/(-5 - (2 - 9)). Suppose 21*o - p*o = 216. Suppose 972 = o*l - 3*l. Calculate the remainder when l is divided by 23.
16
Suppose -2*k + 4*x = -1116 - 338, 2*x - 735 = -k. Calculate the remainder when k is divided by 190.
161
Let i(y) = 2*y - 6. Let o be i(9). Suppose 3*g = 12 + o. Suppose g*z + 60 = 10*z. What is the remainder when 50 is divided by z?
20
Suppose 11*j = 9*j + 46. Calculate the remainder when (-5397)/(-84) - (-2)/(-8) is divided by j.
18
Suppose 0 = -4*c - 5*f + 18, 2*f + 12 = 5*c + 3*f. Suppose c = -4*b + 6, -64 = -2*n - 2*b. Calculate the remainder when n is divided by 8.
7
Let v(b) = b**3 - 8*b**2 + 11*b + 11. Let o be v(6). Calculate the remainder when 213 is divided by ((-2)/o)/((-6 + 8)/(-60)).
9
Suppose -3*l - 5*s + 593 = 0, -2*l + 2*s + 216 = -l. What is the remainder when l is divided by 79?
48
Let r = -8 - -15. What is the remainder when ((-1)/(-10) + 21/(1890/3249))/((-50)/(-250)) is divided by r?
6
Suppose -762 - 603 = -5*d. Suppose 5*a + d = 883. What is the remainder when a is divided by 4?
2
Suppose 15*i - 20*i = -l + 2379, 0 = -4*l + 2*i + 9588. What is the remainder when l is divided by 75?
74
What is the remainder when 1*(-42)/24*28/7 + 263 is divided by 209?
47
Suppose 58*z - 10*z - 3792 = 0. What is the remainder when 319 is divided by z?
3
Let a(v) = -v**3 + 30*v**2 - 118*v - 268. What is the remainder when a(24) is divided by 139?
78
Calculate the remainder when (6 + -42)/((-6)/1676) + (-74 - -81) is divided by 53.
46
Let k = 375 - 193. Suppose 127 = 2*i + i - 4*f, 164 = 4*i - 4*f. Calculate the remainder when k is divided by i.
34
Suppose -28*f = -21*f + 1057. Let u = f + 498. What is the remainder when u is divided by 29?
28
Let q = -6431 - -7714. What is the remainder when q is divided by 211?
17
Let u be 1 + -3 + 3 + 1. Suppose -3*g - u*g = 2*g. Suppose -11*n + 301 + 161 = g. Calculate the remainder when 208 is divided by n.
40
Suppose -438*i = -427*i - 737. What is the remainder when i is divided by 3?
1
Suppose -2*l + 39 = -23. Let f(j) = 2*j**2 - 19*j + 96. Let t be f(9). Calculate the remainder when t*(-1)/(-3)*(14 + -11) is divided by l.
25
Let b be (4 + 3 + -4)/(-1). Let w be b/(9/3)*5*-2. Let z = 39 - w. What is the remainder when 144 is divided by z?
28
Let h(g) = g**3 - 10*g**2 + 12*g + 3. Let f be h(11). Let v = f - 170. Let o = v + -28. What is the remainder when o is divided by 18?
4
Suppose q = -20*o + 17*o + 39, 0 = 2*o + 5*q - 52. Calculate the remainder when 5300 is divided by o.
9
Suppose -5*j - 724 = -31*j + 1226. What is the remainder when 191 is divided by j?
41
Let a be (-27940)/(-5 + 9) + -1. Calculate the remainder when (-20)/35 - a/49 is divided by 24.
22
Let w be (-1)/3 - (-21)/9. Suppose -x + 18 = 2*v, w*v = 4*